i**2 + 8*i + 15. Give j(7).
22
Let o(y) = y**3 - 24*y**2 + 26*y - 53. What is o(23)?
16
Let d(c) = -c**3 - 4*c**2 + 21*c - 4. Give d(3).
-4
Let x(o) = -o**3 + 8*o**2 - 8*o + 6. What is x(6)?
30
Let z(r) = -r**3 + 25*r**2 - 65*r - 22. Give z(22).
0
Let s(y) = -y**2 + 3*y - 1. Calculate s(1).
1
Let s(k) = -28*k - 625. Calculate s(-22).
-9
Let k(h) = 2*h**2 + 37*h - 1. Calculate k(-19).
18
Let s(x) = x**3 - 5*x**2 + 6*x - 21. Determine s(5).
9
Let o(a) = -2*a**3 + 14*a**2 - 5*a + 43. Give o(7).
8
Let o(k) = -7*k - 6. What is o(-4)?
22
Let l(z) = 2*z - 43. Give l(25).
7
Let n(t) = t**3 + 3*t**2 - 6*t - 11. Calculate n(-5).
-31
Let r(l) = l**3 - 11*l**2 + 18*l + 1. Determine r(9).
1
Let y(s) = s**3 - 5*s**2 + 6*s - 4. Give y(4).
4
Let h(n) = -n**2 - 29*n + 67. Determine h(-30).
37
Let y(g) = g + 19. Determine y(-12).
7
Let n(l) = -2*l**2 - 3*l - 5. Calculate n(-2).
-7
Let b(p) = -p**3 - 24*p**2 - 23*p + 9. What is b(-23)?
9
Let j(a) = -a**2 + 23*a - 89. Determine j(18).
1
Let p(v) = -2*v**2 - 7*v + 1. Give p(-4).
-3
Let w(y) = -2*y**2 + 18*y + 26. Give w(13).
-78
Let j(g) = -4*g**2 - 4*g + 5. Give j(3).
-43
Let q(u) = u**2 + 3*u - 17. Give q(-7).
11
Let u(h) = -5*h. Determine u(-4).
20
Let w(m) = -2*m**2 + 2*m - 3. Calculate w(2).
-7
Let q(a) = -2*a**2 + 3*a + 11. Determine q(4).
-9
Let a(n) = -n**2 - 10*n - 1. Determine a(-9).
8
Let g(b) = b**2 + 10*b - 32. Calculate g(-12).
-8
Let r(b) = b**3 + 2*b**2 - 5*b - 7. What is r(-3)?
-1
Let t(a) = a + 24. Calculate t(-15).
9
Let t(m) = 10*m - 6. Determine t(2).
14
Let t(a) = a**3 + a**2 - 6. Determine t(2).
6
Let w(j) = j**3 + 9*j**2 + 7*j - 10. Give w(-8).
-2
Let w(m) = -m**3 - 8*m**2 + 4*m - 9. Determine w(-7).
-86
Let b(g) = g. Give b(-3).
-3
Let y(m) = -12*m + 153. What is y(13)?
-3
Let j(l) = 10*l + 4. Determine j(-1).
-6
Let n(a) = -2*a**2 - 10*a - 8. Calculate n(-5).
-8
Let y(h) = h**3 - 3*h**2 + h + 2. Determine y(2).
0
Let p(s) = s**2 - 6*s + 4. Calculate p(5).
-1
Let t(y) = y**3 - 14*y**2 - y + 19. What is t(14)?
5
Let k(s) = -s + 4. Calculate k(1).
3
Let i(j) = 7*j - 156. Calculate i(20).
-16
Let h(n) = n**2 - 6*n - 1. Give h(9).
26
Let a(j) = -2*j**3 + 7*j**2 - 6*j + 4. Calculate a(4).
-36
Let h(f) = -f**2 - 26. Calculate h(0).
-26
Let i(h) = -2*h**2 - 24*h - 29. Give i(-10).
11
Let t(v) = 6*v + 47. What is t(-8)?
-1
Let z(y) = 5*y**2 - 2. What is z(-3)?
43
Let o(c) = -c**3 - 7*c**2 - 7*c - 7. What is o(-6)?
-1
Let l(w) = w**2 + 12*w + 28. Determine l(-9).
1
Let i(o) = 2*o**3 + 4*o**2 + 4*o + 2. What is i(-3)?
-28
Let k(m) = 7*m - 50. Calculate k(21).
97
Let f(b) = 4*b**3 - 2*b**2 + 5*b + 7. Give f(-1).
-4
Let k(n) = 5*n + 27. What is k(-4)?
7
Let a(z) = -2*z**2 - z + 2. Calculate a(3).
-19
Let g(a) = 2*a**2 + 39*a + 172. Calculate g(-8).
-12
Let n(p) = p**2 - 4*p + 7. Give n(6).
19
Let j(c) = c**3 - 12*c**2 - 2*c + 14. What is j(12)?
-10
Let y(m) = m**3 + 6*m**2 - 5*m - 5. Give y(-5).
45
Let n(v) = -2*v**2 - 9*v - 33. What is n(-4)?
-29
Let k(z) = z**2 - 12*z + 11. Give k(6).
-25
Let x(f) = f**3 - 12*f**2 + 11*f + 4. Determine x(11).
4
Let r(l) = -l + 42. What is r(0)?
42
Let l(i) = -3*i**3 - 3*i + 4. Calculate l(2).
-26
Let v(c) = -2*c**2 + 67*c - 80. Determine v(32).
16
Let a(y) = 4*y**3 - y**2 - 5*y - 4. Calculate a(-2).
-30
Let a(m) = -m**2 - 10*m - 14. Give a(-11).
-25
Let j(n) = 7*n + 176. Calculate j(-25).
1
Let j(y) = y**3 - 9*y**2 - 3*y + 8. Give j(8).
-80
Let g(i) = i**2 - 7*i + 1. Determine g(7).
1
Let z(s) = -s - 5. Determine z(0).
-5
Let x(h) = h**3 - 5*h**2 - 7*h - 10. Calculate x(6).
-16
Let t(z) = 4*z**3 + 21*z**2 + 3*z - 8. Calculate t(-5).
2
Let r(t) = -31*t - 240. Calculate r(-8).
8
Let m(w) = w**2 - 2*w - 8. What is m(0)?
-8
Let l(q) = q**2 + 11*q + 23. Determine l(-5).
-7
Let x(t) = 6*t - 43. Calculate x(22).
89
Let k(p) = -p**3 - 62*p**2 + 65*p + 126. Determine k(-63).
0
Let a(c) = -c**3 - 5*c**2 - 6*c - 4. What is a(-4)?
4
Let s(b) = b**3 + 7*b**2 - 2*b + 2. Determine s(-6).
50
Let r(d) = 6*d - 11. Determine r(0).
-11
Let c(f) = -f**2 - 5*f + 20. Determine c(-9).
-16
Let w(p) = 11*p + 4. Calculate w(5).
59
Let d(h) = 29*h - 147. Calculate d(5).
-2
Let a(w) = w**3 + 2*w**2 - 3*w - 3. What is a(-1)?
1
Let t(i) = i**2 + 2*i - 1. Calculate t(1).
2
Let n(d) = -d**2 - 29*d - 182. Determine n(-9).
-2
Let v(u) = -u**3 + 5*u**2 + 4*u - 7. Calculate v(5).
13
Let x(n) = n**2 + 16*n - 771. Calculate x(-37).
6
Let k(q) = -4*q + 1. Calculate k(-2).
9
Let a(x) = -8*x**2 + x. Determine a(-1).
-9
Let l(p) = p**2 - 10*p - 2. Calculate l(10).
-2
Let x(g) = g - 5. Determine x(-5).
-10
Let c(o) = 3*o + 16. What is c(-6)?
-2
Let h(b) = b**2 - 9*b + 12. Determine h(6).
-6
Let a(i) = i**3 + 3*i**2 - 6*i - 17. Determine a(-3).
1
Let g(z) = -z**3 - 4*z**2 + 3*z + 9. What is g(-4)?
-3
Let t(m) = m. What is t(6)?
6
Let h(c) = -2*c - 37. What is h(-24)?
11
Let b(c) = 3*c + 2. Give b(2).
8
Let r(w) = -w**2 - 2*w + 4. Determine r(-3).
1
Let g(k) = k**2 - 13*k. Give g(11).
-22
Let t(z) = -2*z**2 + 2*z + 10. Calculate t(-2).
-2
Let d(t) = 12*t**3 + 4*t**2 - 8*t + 7. What is d(2)?
103
Let y(b) = -24*b + 76. Calculate y(2).
28
Let h(x) = 33*x - 116. What is h(5)?
49
Let z(c) = 7*c + 3. Calculate z(-6).
-39
Let a(r) = 4*r + 4. What is a(3)?
16
Let x(q) = -q**2 + 13*q + 46. Give x(14).
32
Let y(u) = u**2 + 15*u + 52. What is y(-8)?
-4
Let f(z) = 2*z**2 + z + 12. Determine f(-5).
57
Let j(v) = v**2 - 17*v - 13. Calculate j(18).
5
Let k(q) = -q**2 - 8*q - 15. Determine k(-7).
-8
Let t(y) = y**3 - 14*y**2 + 27*y - 22. Determine t(12).
14
Let m(f) = f**2 - 5*f - 154. Determine m(15).
-4
Let t(l) = 22*l + 239. What is t(-11)?
-3
Let b(o) = o**2 + 7*o + 1. What is b(-8)?
9
Let r(w) = 8*w - 270. What is r(33)?
-6
Let i(h) = -105*h**3 + h - 1. Give i(-1).
103
Let x(k) = 4*k - 197. Determine x(48).
-5
Let c(t) = t**2 + 1. Determine c(1).
2
Let n(u) = 8*u - 13. Give n(-4).
-45
Let i(l) = -41*l - 390. What is i(-9)?
-21
Let w(b) = b + 16. Determine w(-17).
-1
Let y(d) = d**2 - 6*d - 83. Calculate y(-8).
29
Let a(k) = -2*k**3 + 18*k**2 + 3*k - 27. Calculate a(9).
0
Let p(u) = u**3 + 17*u**2 - 9*u - 138. Give p(-17).
15
Let d(v) = v**2 + 9*v - 10. Determine d(-8).
-18
Let m(t) = -t**2 - t + 8. Calculate m(-3).
2
Let j(f) = 2*f**3 - 2*f**2 + 3*f - 2. Determine j(2).
12
Let p(v) = -11*v + 1. Give p(2).
-21
Let p(x) = x**3 - 6*x**2 - 3*x + 1. What is p(6)?
-17
Let g(l) = l**2 - 6*l + 2. Give g(6).
2
Let i(u) = 3*u**2 - 14*u - 22. Calculate i(5).
-17
Let p(f) = -14*f + 87. Give p(7).
-11
Let s(x) = x**3 + 5*x**2 + 5*x + 68. Determine s(-6).
2
Let c(t) = -t - 8. Calculate c(0).
-8
Let u(c) = -c**3 + 13*c**2 - 2*c + 39. Determine u(13).
13
Let y(l) = -13*l + 28. Determine y(2).
2
Let y(u) = u**2 - 4*u - 13. What is y(-6)?
47
Let k(s) = -s**2. Calculate k(5).
-25
Let j(y) = -2*y + 74. What is j(0)?
74
Let o(s) = s**3 - 10*s**2 - 2*s - 16. What is o(11)?
83
Let j(o) = -4*o + 161. Give j(39).
5
Let z(w) = w**3 + 11*w**2 - 10*w - 1. Determine z(-11).
109
Let u(s) = -s**3 - 6*s**2 - 5*s - 5. Determine u(-2).
-11
Let y(s) = -7*s**2 - 9*s + 13. Determine y(2).
-33
Let z(a) = a**3 + 14*a**2 + 13*a + 11. Give z(-13).
11
Let c(g) = g**2 - 7*g - 8. What is c(7)?
-8
Let w(o) = o**2 - 8*o - 22. Calculate w(11).
11
Let i(k) = k**3 + 3*k**2 + k. Determine i(-3).
-3
Let v(l) = -2*l**2 + 8*l - 7. Determine v(5).
-17
Let x(u) = 2*u**2 + u + 5. Give x(5).
60
Let j(a) = 107*a - 645. Determine j(6).
-3
Let d(s) = s**3 + 38*s**2 + 73*s + 49. What is d(-36)?
13
Let i(n) = -n**3 + 11*n**2 + 10*n + 41. Determine i(12).
17
Let y(o) = o**3 - 5*o**2 + 6*o. Give y(4).
8
Let n(k) = -3*k - 19. Determine n(-3).
-10
Let s(n) = 3*n**3 + 10*n**2 + 3*n - 8. What is s(-3)?
-8
Let n(j) = -2*j**2 + 10*j - 5. Calculate n(7).
-33
Let h(y) = y**3 - 13*y**2 - 34*y + 33. Determine h(15).
-27
Let u(b) = 45*b - 2. Calculate u(0).
-2
Let f(h) = -h + 3. Determine f(29).
-26
Let t(w) = w**3 + 52*w**2 - 47*w + 306. Determine t(-53).
-12
Let m(l) = l**3 - 21*l**2 - 46*l - 2. Give m(23).
-2
Let l(p) = -p**3 + 4*p**2 + p + 5. Give l(4).
9
Let z(i) = i**2 - 8*i - 5. Calculate z(8).
-5
Let p(l) = 5*l**2 - 51*l + 20. Calculate p(10).
10
Let x(z) = 53*z**2 + 425*z + 11. Determine x(-8).
3
Let g(l) = -3*l + 10. What is g(1)?
7
Let m(q) = -105*q + 934. What is m(9)?
-11
Let g